
List the prime factors of 7487.
7487
What are the prime factors of 8679?
3, 11, 263
What are the prime factors of 56096?
2, 1753
What are the prime factors of 56331?
3, 11, 569
List the prime factors of 8409.
3, 2803
What are the prime factors of 19042?
2, 9521
List the prime factors of 4603.
4603
List the prime factors of 2581.
29, 89
What are the prime factors of 67932?
2, 3, 17, 37
What are the prime factors of 1168?
2, 73
What are the prime factors of 6714?
2, 3, 373
List the prime factors of 254.
2, 127
List the prime factors of 122822.
2, 7, 31, 283
What are the prime factors of 59695?
5, 11939
What are the prime factors of 41988?
2, 3, 3499
List the prime factors of 3950.
2, 5, 79
List the prime factors of 5584.
2, 349
List the prime factors of 612.
2, 3, 17
List the prime factors of 778.
2, 389
List the prime factors of 220.
2, 5, 11
List the prime factors of 1448.
2, 181
List the prime factors of 59468.
2, 14867
What are the prime factors of 17213?
7, 2459
What are the prime factors of 18113?
59, 307
List the prime factors of 3289.
11, 13, 23
List the prime factors of 36014.
2, 11, 1637
List the prime factors of 42.
2, 3, 7
List the prime factors of 40992.
2, 3, 7, 61
List the prime factors of 4526.
2, 31, 73
List the prime factors of 13846.
2, 7, 23, 43
What are the prime factors of 28952?
2, 7, 11, 47
What are the prime factors of 1501?
19, 79
What are the prime factors of 1706?
2, 853
List the prime factors of 137832.
2, 3, 5743
What are the prime factors of 72719?
72719
What are the prime factors of 819?
3, 7, 13
List the prime factors of 3502.
2, 17, 103
List the prime factors of 6151.
6151
What are the prime factors of 5233?
5233
What are the prime factors of 47780?
2, 5, 2389
What are the prime factors of 14758?
2, 47, 157
What are the prime factors of 7966?
2, 7, 569
List the prime factors of 2480.
2, 5, 31
What are the prime factors of 121011?
3, 11, 19, 193
List the prime factors of 109217.
149, 733
What are the prime factors of 474?
2, 3, 79
What are the prime factors of 5633?
43, 131
List the prime factors of 201839.
11, 59, 311
List the prime factors of 486.
2, 3
List the prime factors of 3577.
7, 73
List the prime factors of 5602.
2, 2801
What are the prime factors of 9570?
2, 3, 5, 11, 29
List the prime factors of 1803.
3, 601
List the prime factors of 1026.
2, 3, 19
List the prime factors of 48152.
2, 13, 463
What are the prime factors of 3597?
3, 11, 109
What are the prime factors of 579?
3, 193
List the prime factors of 454.
2, 227
What are the prime factors of 107643?
3, 53, 677
List the prime factors of 3352.
2, 419
List the prime factors of 19765.
5, 59, 67
List the prime factors of 4200.
2, 3, 5, 7
List the prime factors of 10624.
2, 83
List the prime factors of 44390.
2, 5, 23, 193
List the prime factors of 90548.
2, 22637
What are the prime factors of 1177?
11, 107
List the prime factors of 2824.
2, 353
List the prime factors of 15243.
3, 5081
What are the prime factors of 53?
53
List the prime factors of 20.
2, 5
What are the prime factors of 2303?
7, 47
What are the prime factors of 16855?
5, 3371
List the prime factors of 42015.
3, 5, 2801
What are the prime factors of 10737?
3, 1193
What are the prime factors of 38872?
2, 43, 113
What are the prime factors of 3187?
3187
What are the prime factors of 5916?
2, 3, 17, 29
What are the prime factors of 1675?
5, 67
What are the prime factors of 6712?
2, 839
List the prime factors of 55383.
3, 18461
What are the prime factors of 64977?
3, 11, 179
What are the prime factors of 10100?
2, 5, 101
List the prime factors of 25.
5
What are the prime factors of 15755?
5, 23, 137
What are the prime factors of 1267?
7, 181
List the prime factors of 8437.
11, 13, 59
What are the prime factors of 9304?
2, 1163
What are the prime factors of 11878?
2, 5939
List the prime factors of 2580.
2, 3, 5, 43
What are the prime factors of 19104?
2, 3, 199
What are the prime factors of 2219?
7, 317
List the prime factors of 4595.
5, 919
List the prime factors of 17632.
2, 19, 29
What are the prime factors of 28561?
13
What are the prime factors of 30091?
30091
What are the prime factors of 118961?
337, 353
What are the prime factors of 417?
3, 139
List the prime factors of 1368.
2, 3, 19
List the prime factors of 9634.
2, 4817
List the prime factors of 13408.
2, 419
List the prime factors of 5106.
2, 3, 23, 37
What are the prime factors of 2959?
11, 269
What are the prime factors of 25834?
2, 12917
List the prime factors of 3989.
3989
What are the prime factors of 13866?
2, 3, 2311
What are the prime factors of 29186?
2, 14593
What are the prime factors of 2927?
2927
What are the prime factors of 2312?
2, 17
What are the prime factors of 5503?
5503
List the prime factors of 41542.
2, 20771
List the prime factors of 12747.
3, 7, 607
What are the prime factors of 4513?
4513
List the prime factors of 6948.
2, 3, 193
List the prime factors of 5364.
2, 3, 149
What are the prime factors of 869?
11, 79
List the prime factors of 30667.
7, 13, 337
List the prime factors of 3674.
2, 11, 167
What are the prime factors of 52205?
5, 53, 197
What are the prime factors of 24128?
2, 13, 29
List the prime factors of 35406.
2, 3, 7, 281
What are the prime factors of 4967?
4967
List the prime factors of 27255.
3, 5, 23, 79
List the prime factors of 12521.
19, 659
List the prime factors of 61047.
3, 7, 17, 19
List the prime factors of 9679.
9679
List the prime factors of 46783.
11, 4253
List the prime factors of 9162.
2, 3, 509
List the prime factors of 689.
13, 53
List the prime factors of 2467.
2467
What are the prime factors of 3570?
2, 3, 5, 7, 17
List the prime factors of 1083.
3, 19
List the prime factors of 2227.
17, 131
List the prime factors of 1136.
2, 71
List the prime factors of 4158.
2, 3, 7, 11
What are the prime factors of 23641?
47, 503
What are the prime factors of 76009?
29, 2621
List the prime factors of 70101.
3, 7789
List the prime factors of 5929.
7, 11
List the prime factors of 6459.
3, 2153
List the prime factors of 201.
3, 67
List the prime factors of 3119.
3119
What are the prime factors of 777?
3, 7, 37
List the prime factors of 5279.
5279
List the prime factors of 114.
2, 3, 19
List the prime factors of 5601.
3, 1867
What are the prime factors of 1346?
2, 673
What are the prime factors of 27861?
3, 37, 251
List the prime factors of 2209.
47
What are the prime factors of 1987?
1987
List the prime factors of 9035.
5, 13, 139
List the prime factors of 2359.
7, 337
List the prime factors of 42913.
13, 3301
List the prime factors of 898.
2, 449
What are the prime factors of 858?
2, 3, 11, 13
What are the prime factors of 29958?
2, 3, 4993
List the prime factors of 947.
947
List the prime factors of 12617.
11, 31, 37
What are the prime factors of 15816?
2, 3, 659
List the prime factors of 140.
2, 5, 7
List the prime factors of 12934.
2, 29, 223
List the prime factors of 14891.
14891
List the prime factors of 410.
2, 5, 41
List the prime factors of 99.
3, 11
List the prime factors of 40819.
40819
What are the prime factors of 4422?
2, 3, 11, 67
What are the prime factors of 2311?
2311
What are the prime factors of 1883?
7, 269
What are the prime factors of 17978?
2, 89, 101
What are the prime factors of 3115?
5, 7, 89
List the prime factors of 651.
3, 7, 31
List the prime factors of 2352.
2, 3, 7
What are the prime factors of 25799?
25799
What are the prime factors of 42295?
5, 11, 769
List the prime factors of 9738.
2, 3, 541
What are the prime factors of 71550?
2, 3, 5, 53
List the prime factors of 536.
2, 67
What are the prime factors of 1240?
2, 5, 31
List the prime factors of 4204.
2, 1051
List the prime factors of 27870.
2, 3, 5, 929
What are the prime factors of 27296?
2, 853
What are the prime factors of 6326?
2, 3163
What are the prime factors of 3235?
5, 647
List the prime factors of 186.
2, 3, 31
What are the prime factors of 4175?
5, 167
What are the prime factors of 3353?
7, 479
List the prime factors of 28559.
28559
What are the prime factors of 9942?
2, 3, 1657
What are the prime factors of 1003?
17, 59
List the prime factors of 38459.
38459
List the prime factors of 183176.
2, 7, 3271
List the prime factors of 10486.
2, 7, 107
What are the prime factors of 75079?
75